{"id":24,"date":"2022-05-03T07:06:04","date_gmt":"2022-05-03T07:06:04","guid":{"rendered":"https:\/\/hungry-neumann.85-214-86-81.plesk.page\/?page_id=24"},"modified":"2024-06-18T12:29:19","modified_gmt":"2024-06-18T12:29:19","slug":"aerzte","status":"publish","type":"page","link":"https:\/\/hungry-neumann.85-214-86-81.plesk.page\/index.php\/aerzte.html","title":{"rendered":"\u00c4rzte"},"content":{"rendered":"<p>[et_pb_section fb_built=&#8220;1&#8243; fullwidth=&#8220;on&#8220; _builder_version=&#8220;4.16&#8243; _module_preset=&#8220;default&#8220; global_colors_info=&#8220;{}&#8220;][et_pb_fullwidth_slider _builder_version=&#8220;4.18.0&#8243; _module_preset=&#8220;default&#8220; content_width=&#8220;100%&#8220; height=&#8220;642px&#8220; global_colors_info=&#8220;{}&#8220;][et_pb_slide _builder_version=&#8220;4.18.0&#8243; _module_preset=&#8220;default&#8220; background_enable_color=&#8220;off&#8220; background_image=&#8220;https:\/\/hungry-neumann.85-214-86-81.plesk.page\/wp-content\/uploads\/2024\/06\/aertze_praxisklinik_hofaue3.jpg&#8220; background_enable_image=&#8220;on&#8220; global_colors_info=&#8220;{}&#8220; sticky_transition=&#8220;on&#8220;][\/et_pb_slide][et_pb_slide _builder_version=&#8220;4.16&#8243; _module_preset=&#8220;default&#8220; background_enable_color=&#8220;off&#8220; background_image=&#8220;https:\/\/hungry-neumann.85-214-86-81.plesk.page\/wp-content\/uploads\/2022\/05\/Flinke-Fachkraefte.jpg&#8220; background_enable_image=&#8220;on&#8220; global_colors_info=&#8220;{}&#8220; sticky_transition=&#8220;on&#8220;][\/et_pb_slide][et_pb_slide _builder_version=&#8220;4.16&#8243; _module_preset=&#8220;default&#8220; background_enable_color=&#8220;off&#8220; background_image=&#8220;https:\/\/hungry-neumann.85-214-86-81.plesk.page\/wp-content\/uploads\/2022\/05\/MG_7280.jpg&#8220; background_enable_image=&#8220;on&#8220; global_colors_info=&#8220;{}&#8220; sticky_transition=&#8220;on&#8220;][\/et_pb_slide][\/et_pb_fullwidth_slider][\/et_pb_section][et_pb_section fb_built=&#8220;1&#8243; _builder_version=&#8220;4.16&#8243; _module_preset=&#8220;default&#8220; global_colors_info=&#8220;{}&#8220;][et_pb_row _builder_version=&#8220;4.16&#8243; _module_preset=&#8220;default&#8220; global_colors_info=&#8220;{}&#8220;][et_pb_column type=&#8220;4_4&#8243; _builder_version=&#8220;4.16&#8243; _module_preset=&#8220;default&#8220; global_colors_info=&#8220;{}&#8220;][et_pb_text _builder_version=&#8220;4.16&#8243; _module_preset=&#8220;default&#8220; text_font_size=&#8220;20px&#8220; header_font=&#8220;|600|||||||&#8220; header_text_color=&#8220;gcid-956ddd57-1108-42b1-b9cd-28cda1b34323&#8243; global_colors_info=&#8220;{%22gcid-956ddd57-1108-42b1-b9cd-28cda1b34323%22:%91%22header_text_color%22%93}&#8220;]<\/p>\n<h1 style=\"text-align: center;\">Das \u00c4rzteteam<\/h1>\n<p style=\"font-weight: 400; text-align: center;\">\n<p style=\"font-weight: 400; text-align: center;\">Wir sind davon \u00fcberzeugt, dass die Kombination aus einer breiten chirurgischen Grundausbildung und eine Spezialisierung in einem Gebiet auf h\u00f6chstem Niveau der Garant f\u00fcr eine medizinisch und \u00f6konomisch vern\u00fcnftige Medizin und das individuelle Wohl des Patienten sind.<\/p>\n<p style=\"font-weight: 400; text-align: center;\">Mit zunehmender Spezialisierung in der Medizin ist der kollegiale Austausch bei seltenen Krankheitsbildern oder kniffligen Fragestellungen unerl\u00e4sslich. Da wir jeden Tag in gemeinsamer Sprechstunde Seite an Seite arbeiten und auch vor Ort operieren, sind gemeinsame Falldiskussionen und gemeinsame Beratung durch mehrere Kollegen bei uns Standard und meist nicht mit zus\u00e4tzlichen Besuchen und Wartezeiten verbunden.<\/p>\n<p style=\"font-weight: 400; text-align: center;\">Durch unser hohes Ma\u00df an Erfahrung in vielen Bereichen der Chirurgie und jahrelanger T\u00e4tigkeit in Kliniken der Maximalversorgung bieten wir Ihnen ein sehr breites Behandlungs- und Beratungsspektrum.<\/p>\n<p style=\"font-weight: 400; text-align: center;\">Auf dieser Seite m\u00f6chten wir uns Ihnen pers\u00f6nlich vorstellen.<\/p>\n<p style=\"font-weight: 400;\">\n<p>[\/et_pb_text][\/et_pb_column][\/et_pb_row][\/et_pb_section][et_pb_section fb_built=&#8220;1&#8243; _builder_version=&#8220;4.16&#8243; _module_preset=&#8220;default&#8220; global_colors_info=&#8220;{}&#8220;][et_pb_row column_structure=&#8220;2_5,3_5&#8243; _builder_version=&#8220;4.16&#8243; _module_preset=&#8220;default&#8220; global_colors_info=&#8220;{}&#8220;][et_pb_column type=&#8220;2_5&#8243; _builder_version=&#8220;4.16&#8243; _module_preset=&#8220;default&#8220; global_colors_info=&#8220;{}&#8220;][et_pb_image src=&#8220;https:\/\/hungry-neumann.85-214-86-81.plesk.page\/wp-content\/uploads\/2024\/06\/timheinz.jpg&#8220; title_text=&#8220;timheinz&#8220; _builder_version=&#8220;4.18.0&#8243; _module_preset=&#8220;default&#8220; global_colors_info=&#8220;{}&#8220;][\/et_pb_image][\/et_pb_column][et_pb_column type=&#8220;3_5&#8243; _builder_version=&#8220;4.16&#8243; _module_preset=&#8220;default&#8220; global_colors_info=&#8220;{}&#8220;][et_pb_text _builder_version=&#8220;4.18.0&#8243; _module_preset=&#8220;default&#8220; header_font=&#8220;|600|||||||&#8220; header_text_color=&#8220;gcid-956ddd57-1108-42b1-b9cd-28cda1b34323&#8243; global_colors_info=&#8220;{%22gcid-956ddd57-1108-42b1-b9cd-28cda1b34323%22:%91%22header_text_color%22%93}&#8220;]<\/p>\n<h1>Dr. med. Tim Heinz<\/h1>\n<h4>Facharzt f\u00fcr Chirurgie<\/h4>\n<h4>Facharzt f\u00fcr Unfallchirurgie<\/h4>\n<h4>Sporttraumatologie<\/h4>\n<h4 style=\"font-weight: 400;\">Arthroskopische Chirurgie<\/h4>\n<p>&nbsp;<\/p>\n<div>\n<p><span>Als geb\u00fcrtiger Wuppertaler absolvierte ich das Studium der Humanmedizin in D\u00fcsseldorf und Bochum. Nach abgeschlossener Promotion absolvierte ich meine Facharztausbildung zum Chirurgen im Marien-Hospital D\u00fcsseldorf.<br \/>Die Weiterbildung zum Unfallchirurgen erlangte ich in den Unfallchirurgischen Abteilungen des Marien-Hospitals D\u00fcsseldorf sowie im Helios-Klinikum Wuppertal, in dem ich bis zum Jahr 2005 t\u00e4tig war. Auslandsaufenthalte wurden meinerseits in den Niederlanden sowie im Massachusetts General Hospital, Harvard Boston vorgenommen.<o:p><\/o:p><\/span><\/p>\n<\/div>\n<div>\n<p><span>Seit Oktober 2005 bin ich in der Praxisklinik Hofaue als Unfallchirurg und Durchgangsarzt der Berufsgenossenschaften niedergelassen.<o:p><\/o:p><\/span><\/p>\n<\/div>\n<div>\n<p><span>Meine operativen Schwerpunkte liegen in der arthroskopischen Behandlung von Gelenkverletzungen der Fu\u00dfchirurgie und der Knieendoprothetik, die ich station\u00e4r im Agaplesion Bethesda Krankenhaus Wuppertal durchf\u00fchre. <o:p><\/o:p><\/span><\/p>\n<\/div>\n<div>\n<p><span>Durch \u00fcber eine zwanzigj\u00e4hrige T\u00e4tigkeit als Mannschaftsarzt im Profifu\u00dfball, liegt ein weiterer Behandlungsschwerpunkt in der Betreuung von Sportverletzten.<o:p><\/o:p><\/span><\/p>\n<\/div>\n<div>\n<p><span><o:p>\u00a0<\/o:p><\/span><\/p>\n<\/div>\n<div>\n<p><span>Herzlichst<br \/>Ihr<\/span><span class=\"apple-converted-space\"><span>\u00a0<\/span><\/span><a href=\"mailto:dr.heinz@praxisklinik-hofaue.de\"><span>Dr. med. Tim Heinz<\/span><\/a><span><o:p><\/o:p><\/span><\/p>\n<\/div>\n<p><span style=\"color: #2ea3f2;\"><\/span><\/p>\n<p>[\/et_pb_text][\/et_pb_column][\/et_pb_row][\/et_pb_section][et_pb_section fb_built=&#8220;1&#8243; _builder_version=&#8220;4.16&#8243; _module_preset=&#8220;default&#8220; global_colors_info=&#8220;{}&#8220;][et_pb_row column_structure=&#8220;3_5,2_5&#8243; _builder_version=&#8220;4.16&#8243; _module_preset=&#8220;default&#8220; global_colors_info=&#8220;{}&#8220;][et_pb_column type=&#8220;3_5&#8243; _builder_version=&#8220;4.16&#8243; _module_preset=&#8220;default&#8220; global_colors_info=&#8220;{}&#8220;][et_pb_text _builder_version=&#8220;4.16&#8243; _module_preset=&#8220;default&#8220; header_font=&#8220;|600|||||||&#8220; header_text_color=&#8220;gcid-956ddd57-1108-42b1-b9cd-28cda1b34323&#8243; global_colors_info=&#8220;{%22gcid-956ddd57-1108-42b1-b9cd-28cda1b34323%22:%91%22header_text_color%22%93}&#8220;]<\/p>\n<h1>Dr. med. Bernd Witte<\/h1>\n<h4>Facharzt f\u00fcr Plastische, \u00c4sthetische und Rekonstruktive Chirurgie<\/h4>\n<h4>Facharzt f\u00fcr Handchirurgie<\/h4>\n<h4>Facharzt f\u00fcr Chirurgie<\/h4>\n<p>&nbsp;<\/p>\n<div>\n<p><span>Als Chirurg bin ich seit 1998 in der Plastischen und \u00c4sthetischen Chirurgie t\u00e4tig. Meine ersten Ausbildungsstationen nach dem Studium an der Philipps-Universit\u00e4t Marburg waren Kliniken in Kassel und G\u00fctersloh. Die chirurgische Facharztausbildung erfolgte im Marien Hospital D\u00fcsseldorf.<o:p><\/o:p><\/span><\/p>\n<p><span><\/span><\/p>\n<\/div>\n<div>\n<p><span>Vor meiner Niederlassung im Jahre 2007 operierte, forschte und lehrte ich in der Universit\u00e4tsklinik Bergmannsheil der Ruhr-Universit\u00e4t Bochum. L\u00e4ngere Auslandsaufenthalte erfolgten an der University of Texas in Houston und an der Universit\u00e4tsklinik Durban in S\u00fcd-Afrika. Mit meiner Frau und unseren beiden Kindern lebe ich in Ratingen.<o:p><\/o:p><\/span><\/p>\n<p><span><\/span><\/p>\n<\/div>\n<div>\n<p><span>Die operativen M\u00f6glichkeiten unseres OP-Zentrums Praxisklinik Hofaue mit handchirurgischem Schwerpunkt und der Chirurgie von Hauttumoren bieten Ihnen und mir die allerbesten Rahmenbedingungen f\u00fcr ihre Hand- und Hautproblematik.<o:p><\/o:p><\/span><\/p>\n<p><span><\/span><\/p>\n<\/div>\n<p>Herzlichst<br \/>Ihr <a href=\"mailto:dr.witte@praxisklinik-hofaue.de\">Dr. med. Bernd Witte<\/a><\/p>\n<p>[\/et_pb_text][\/et_pb_column][et_pb_column type=&#8220;2_5&#8243; _builder_version=&#8220;4.16&#8243; _module_preset=&#8220;default&#8220; global_colors_info=&#8220;{}&#8220;][et_pb_image src=&#8220;https:\/\/hungry-neumann.85-214-86-81.plesk.page\/wp-content\/uploads\/2022\/05\/witte.jpg&#8220; title_text=&#8220;witte&#8220; _builder_version=&#8220;4.16&#8243; _module_preset=&#8220;default&#8220; global_colors_info=&#8220;{}&#8220;][\/et_pb_image][\/et_pb_column][\/et_pb_row][\/et_pb_section][et_pb_section fb_built=&#8220;1&#8243; _builder_version=&#8220;4.16&#8243; _module_preset=&#8220;default&#8220; global_colors_info=&#8220;{}&#8220;][et_pb_row column_structure=&#8220;2_5,3_5&#8243; _builder_version=&#8220;4.16&#8243; _module_preset=&#8220;default&#8220; global_colors_info=&#8220;{}&#8220;][et_pb_column type=&#8220;2_5&#8243; _builder_version=&#8220;4.16&#8243; _module_preset=&#8220;default&#8220; global_colors_info=&#8220;{}&#8220;][et_pb_image src=&#8220;https:\/\/hungry-neumann.85-214-86-81.plesk.page\/wp-content\/uploads\/2024\/06\/michaelsahm.jpg&#8220; title_text=&#8220;michaelsahm&#8220; _builder_version=&#8220;4.18.0&#8243; _module_preset=&#8220;default&#8220; global_colors_info=&#8220;{}&#8220;][\/et_pb_image][\/et_pb_column][et_pb_column type=&#8220;3_5&#8243; _builder_version=&#8220;4.16&#8243; _module_preset=&#8220;default&#8220; global_colors_info=&#8220;{}&#8220;][et_pb_text _builder_version=&#8220;4.18.0&#8243; _module_preset=&#8220;default&#8220; header_font=&#8220;|600|||||||&#8220; header_text_color=&#8220;gcid-956ddd57-1108-42b1-b9cd-28cda1b34323&#8243; global_colors_info=&#8220;{%22gcid-956ddd57-1108-42b1-b9cd-28cda1b34323%22:%91%22header_text_color%22%93}&#8220;]<\/p>\n<div>\n<h1><span>Dr. med. Michael Sahm, MBA<o:p><\/o:p><\/span><\/h1>\n<\/div>\n<h4><strong>Facharzt f\u00fcr Allgemeinchirurgie<\/strong><\/h4>\n<h4 style=\"font-weight: 400;\"><strong>Facharzt F\u00fcr Viszeralchirurgie<\/strong><\/h4>\n<h4><strong>Spezielle Viszeralchirurgie<\/strong><\/h4>\n<p><strong><\/strong><\/p>\n<div>\n<p><span>Nach dem Medizinstudium in Essen habe ich meine chirurgische Ausbildung im Klinikum Westfalen in Dortmund im Jahr 2009 begonnen.\u00a0 Hier konnte ich in der Allgemein- und Viszeralchirurgie sowie der Unfallchirurgie ein sehr breites Spektrum chirurgischer Erkrankungen kennenlernen. Als Oberarzt und ab 2016 als leitender Oberarzt war ein Schwerpunkt u. a. die Hernienchirurgie, insbesondere unter der Nutzung minimal-invasiver, endoskopischer Techniken \u2013 zuletzt auch am daVinci OP-Roboter.<o:p><\/o:p><\/span><\/p>\n<\/div>\n<div>\n<p><span><\/span><\/p>\n<p><span>Mit meiner Frau und unseren drei S\u00f6hnen habe ich einige Jahre in Wuppertal gelebt. Seit 2018 leben wir nun in meiner Heimatstadt Dortmund.\u00a0<\/span><\/p>\n<\/div>\n<div>\n<p><span><\/span><\/p>\n<p><span>Als Chirurg freue ich mich, Ihnen im OP-Zentrum Praxisklinik Hofaue gemeinsam mit unserem Praxis-Team ein breites Feld an ambulanten Operationen mitsamt meinem Spezialgebiet der \u201eHernienchirurgie\u201c anbieten zu k\u00f6nnen.<o:p><\/o:p><\/span><\/p>\n<\/div>\n<div>\n<p><span><o:p>\u00a0<\/o:p><\/span><\/p>\n<\/div>\n<div>\n<p><span>Herzlichst<br \/>Ihr<\/span><span class=\"apple-converted-space\"><span>\u00a0<\/span><\/span><span>Dr. med. Michael Sahm<\/span><span><o:p><\/o:p><\/span><\/p>\n<\/div>\n<p>&nbsp;<\/p>\n<p>[\/et_pb_text][\/et_pb_column][\/et_pb_row][\/et_pb_section]<\/p>\n","protected":false},"excerpt":{"rendered":"<p>Das \u00c4rzteteam Wir sind davon \u00fcberzeugt, dass die Kombination aus einer breiten chirurgischen Grundausbildung und eine Spezialisierung in einem Gebiet auf h\u00f6chstem Niveau der Garant f\u00fcr eine medizinisch und \u00f6konomisch vern\u00fcnftige Medizin und das individuelle Wohl des Patienten sind. Mit zunehmender Spezialisierung in der Medizin ist der kollegiale Austausch bei seltenen Krankheitsbildern oder kniffligen Fragestellungen [&hellip;]<\/p>\n","protected":false},"author":1,"featured_media":0,"parent":0,"menu_order":0,"comment_status":"closed","ping_status":"closed","template":"","meta":{"_et_pb_use_builder":"on","_et_pb_old_content":"","_et_gb_content_width":"","footnotes":""},"class_list":["post-24","page","type-page","status-publish","hentry"],"_links":{"self":[{"href":"https:\/\/hungry-neumann.85-214-86-81.plesk.page\/index.php\/wp-json\/wp\/v2\/pages\/24","targetHints":{"allow":["GET"]}}],"collection":[{"href":"https:\/\/hungry-neumann.85-214-86-81.plesk.page\/index.php\/wp-json\/wp\/v2\/pages"}],"about":[{"href":"https:\/\/hungry-neumann.85-214-86-81.plesk.page\/index.php\/wp-json\/wp\/v2\/types\/page"}],"author":[{"embeddable":true,"href":"https:\/\/hungry-neumann.85-214-86-81.plesk.page\/index.php\/wp-json\/wp\/v2\/users\/1"}],"replies":[{"embeddable":true,"href":"https:\/\/hungry-neumann.85-214-86-81.plesk.page\/index.php\/wp-json\/wp\/v2\/comments?post=24"}],"version-history":[{"count":11,"href":"https:\/\/hungry-neumann.85-214-86-81.plesk.page\/index.php\/wp-json\/wp\/v2\/pages\/24\/revisions"}],"predecessor-version":[{"id":210,"href":"https:\/\/hungry-neumann.85-214-86-81.plesk.page\/index.php\/wp-json\/wp\/v2\/pages\/24\/revisions\/210"}],"wp:attachment":[{"href":"https:\/\/hungry-neumann.85-214-86-81.plesk.page\/index.php\/wp-json\/wp\/v2\/media?parent=24"}],"curies":[{"name":"wp","href":"https:\/\/api.w.org\/{rel}","templated":true}]}}